Let d be t(18). Suppose -d*a = -15*a + 8. What is the tens digit of (-5)/(a*(-1)/20)?
5
Let g(v) = 3*v**2 - 3*v - 13. Let c(r) = -7*r**2 + 7*r + 27. Let d(w) = 2*c(w) + 5*g(w). What is the tens digit of d(8)?
4
Let s(h) = h**2 - h + 52. Let i(f) = f**2 + 7*f + 10. Let n be i(-5). What is the units digit of s(n)?
2
What is the units digit of (93/(-6))/((-15)/90)?
3
Let n(p) = -15 + 0*p + 6*p + p + 4. Suppose 4*u + 8*d - 33 = 3*d, u = -2*d + 9. What is the tens digit of n(u)?
3
Suppose -5*k = -b - 18198, 0 = k + k - 5*b - 7270. What is the units digit of k?
0
Let l be -2*(2 - 12/8). What is the units digit of -3*7/(l*1/7)?
7
Suppose -u - 4*m + 39 = 5, -44 = -2*u - 2*m. Let y(p) = p**3 - 19*p - 2. Let r be y(4). Let h = u + r. What is the units digit of h?
4
Let v(r) be the first derivative of -r**4/4 - r + 13. What is the units digit of v(-4)?
3
Suppose 1124 = 16*k - 14*k. What is the hundreds digit of k?
5
Suppose -13 = -5*g + 4*c, -5*g - 14*c = -16*c - 19. Suppose 3*r + 2*m + 3*m = 290, -r + g*m + 90 = 0. What is the tens digit of r?
9
Let b = 84 - 145. Let k = -20 - b. What is the tens digit of k?
4
Let j = 7602 - 5397. What is the thousands digit of j?
2
Let f = 1479 - -395. What is the thousands digit of f?
1
Suppose 3*i - 2*y = 207, -138 = -2*i - 0*i - 4*y. Suppose 30 = -3*n + i. What is the tens digit of n?
1
What is the hundreds digit of ((-6575)/(-5))/5 + 1?
2
Let l(h) be the first derivative of h**5/60 + h**4/4 - 3*h**2 - 6. Let b(o) be the second derivative of l(o). What is the tens digit of b(-8)?
1
Let s(x) = -303*x + 346. What is the thousands digit of s(-6)?
2
Suppose 8067 = 2*d + 3*k, -5*k = 4*d - 13716 - 2421. What is the units digit of d?
8
Let p(q) = -q**2 + 10*q - 7. Let k be p(9). Suppose 0 = k*v + 3*v + 215. What is the units digit of 5 - 2 - 1*v?
6
Let q = 44 + -41. Suppose 171 = q*u - 60. What is the units digit of u?
7
Suppose 0 = -6*f + 4*f + 34. Suppose -5*y + 3*i - 5 = -10*y, i + f = 3*y. Suppose -y*c - 10 + 30 = 0. What is the units digit of c?
5
Let z(o) = -o - 14. Let p be z(-7). What is the tens digit of p/(-21) - 110/(-3)?
3
Let o be ((-2)/7)/((-1)/14). Suppose -2*v = v - 4*g - 7, 33 = 5*v + o*g. What is the units digit of v?
5
Let s be (18/(-1))/((-5)/((-540)/(-8))). Suppose -6*z - h = -2*z - s, 4*h + 248 = 4*z. What is the units digit of z?
1
Suppose -3*n = -3 - 0. Let u be n/((-7)/2 + 3). Let f = 15 + u. What is the tens digit of f?
1
What is the tens digit of 28 + -30 + 1*946/2?
7
Let i(p) be the third derivative of p**5/6 - 29*p**4/24 - 2*p**3 - 9*p**2 - 1. What is the hundreds digit of i(6)?
1
Suppose -4*i + 41 = -103. Let g = i + 70. Suppose -5*a = 6 - g. What is the tens digit of a?
2
Let y = 14 + -42. Let b = 14 - y. Suppose b = 3*n - 42. What is the units digit of n?
8
Let n = 2533 - -2856. What is the units digit of n?
9
What is the tens digit of 6/(-10) + (-1171160)/(-475)?
6
Let z(q) = 2*q**2 + q + 5. Let a(b) = -b**2 - b - 3. Let x(h) = 5*a(h) + 3*z(h). What is the units digit of x(3)?
3
Let g(h) = 72*h**2 - 2*h - 3. What is the tens digit of g(-2)?
8
Let v(m) = 4 + 0*m**2 + 4*m**2 - 3*m**2 + m. Let n = 215 - 220. What is the units digit of v(n)?
4
Suppose 0 = 184*d - 186*d + 2602. What is the units digit of d?
1
Suppose 8077 = 3*t - 5*a, 2*t = 3*t - 2*a - 2694. What is the units digit of t?
4
Suppose -202*t = -194*t - 4560. What is the units digit of t?
0
Suppose 160 = 3*d + x, 3*x + 8 = 5*d - 282. Suppose -157 = -4*f + d. What is the tens digit of f?
5
Let i be 1/(2*(-3)/6). What is the units digit of i*(-12)/(-4) + 5?
2
What is the units digit of 5 + (-13)/((-6)/(2142/7))?
8
Let w(f) = -f**3 + 12*f**2 - f + 12. Let k(r) = -4*r - 4. Let s be k(-4). Let v be w(s). What is the units digit of v/(-1) + (-54)/(-6)?
9
What is the units digit of (-451)/(-1) - (-17 + 11 - -8)?
9
Suppose -4*g - 3 = 1, 2*g = -3*d + 1540. What is the tens digit of d?
1
Let j(a) be the first derivative of 2*a**2 - 11*a + 1. Suppose 0 = -5*d + 4*t + 22, 2*t + 2*t = 4*d - 16. What is the tens digit of j(d)?
1
Suppose 3641 + 784 = 3*l. What is the hundreds digit of l?
4
Let f be (4 - 15)/((-1)/(-1)). Let j(a) = 3*a**2 + 15*a - 6. Let h be j(f). Suppose -2*b = d - 111, -4*b + d + h = -3*d. What is the tens digit of b?
5
Let a = 873 - 592. What is the units digit of a?
1
Suppose -3*h + d + 4*d = -105, -d - 37 = -h. Suppose -c + 4*t = -h - 41, 2*c - 4*t = 154. What is the tens digit of c?
7
Let h = 9 - 21. Let m be (-18)/h - 3/(-6). Let w(j) = 3*j**3 + 3*j**2 - j - 1. What is the tens digit of w(m)?
3
What is the units digit of ((-22)/(-55))/(8/4820)?
1
Let u = -3043 + 4321. What is the units digit of u?
8
Suppose 0 = -3*u - 2*u - 3*f + 1863, 5*f - 1105 = -3*u. What is the tens digit of u?
7
Let b(a) = 14*a**2 + 2*a + 1. Let h = -14 + 12. Let s be b(h). Suppose -2*k = -9 - s. What is the units digit of k?
1
Let g(o) = o - 13. Let w be g(16). Suppose w*s = 4*v + 62, -4*s + v = -4*v - 82. What is the tens digit of s?
1
Suppose a + y - 741 = 0, -94 - 2130 = -3*a - 4*y. What is the hundreds digit of a?
7
Suppose 0 = 4*n - 2*t - 38, 0 = -2*n + 4*t - 6 + 34. Let i = n + -5. Suppose -x - 7 = -h - 0, -i*x + 39 = 3*h. What is the units digit of h?
0
Let h = -2267 + 3554. What is the units digit of h?
7
Suppose d + 0*d - 485 = -4*x, -4*d + x + 2025 = 0. What is the tens digit of d?
0
Suppose 1006 = 11*d - 83. What is the tens digit of d?
9
Let h = 1 + 22. Suppose u + 76 = -3*i - h, 2*i + 59 = -3*u. Let f = 64 + i. What is the units digit of f?
0
Let g = -2 - -7. Suppose 0 = -5*l - 4*l + 36. Suppose -l*m + 4*i - 3*i = -87, -m - g*i + 48 = 0. What is the tens digit of m?
2
Suppose 3*q = -2 + 14. Suppose -865 = q*b - 9*b. What is the hundreds digit of b?
1
Suppose 590 = 5*k - 4*u, -4*k + u = 20 - 492. What is the tens digit of k?
1
Let b be (-12)/(-9) + (-2)/6. What is the units digit of (b - 0)*-2 + 289?
7
Suppose -w = 5*w - 1002. What is the hundreds digit of (-1 - (0 - 2))*w?
1
Let y(w) = -5*w**3 - w**2 + w + 3. Let i(v) = -10*v**3 - 3*v**2 + 3*v + 7. Let m(l) = 2*i(l) - 5*y(l). Suppose -3*s + 3 = -0. What is the units digit of m(s)?
4
Suppose -324 = -7*l + 488. What is the tens digit of l?
1
Let j = -1545 - -3385. What is the units digit of j?
0
Let x(g) = 7*g + 4. Let o be x(4). Suppose o*a = 35*a - 441. What is the tens digit of a?
4
Suppose 2*h + 326 = 2*t, 4*h - 3*h + 646 = 4*t. Let r = t - 112. What is the units digit of r?
9
Let g = 126 - 86. What is the tens digit of (-3 - -6) + g/5?
1
Suppose 3 = q + 1, 5*q = -p + 24. Let i = 58 - p. What is the tens digit of i?
4
Suppose 0 = -35*g + 6*g + 3567. What is the tens digit of g?
2
Let x = 689 + -308. Suppose -g = 2*h - 202, -5*h = -3*g + 236 + x. Suppose -3*m = m - g. What is the units digit of m?
1
Let w(b) = -b**2 - 4*b + 12. Let y be w(10). Let v = -86 - y. What is the units digit of v?
2
Let g = 26 - 21. Suppose 60 = g*b - b. What is the units digit of b?
5
Let j be (-14)/(-1)*(-15)/(-6). Suppose -3*w = 2*w - j. What is the tens digit of ((-12)/w)/(6/(-105))?
3
Let r(p) = -3 + 3 - 135*p + 162*p. Suppose 3*d - 4*y - 2 = 0, 2*y = 3*d - 0*d - 4. What is the units digit of r(d)?
4
Suppose 323 = -2*f + 3*f - 4*y, 2*f + y = 646. Suppose 3*t - 5*h - f = 0, -3*t + 0*h - 5*h + 283 = 0. What is the hundreds digit of t?
1
Suppose -32*k + 31*k + 9 = 0. Suppose -s - 8 = -3*s. Let r = k - s. What is the units digit of r?
5
Let f(o) = -o**2 + 13*o - 8. Let m be f(4). Let c = 36 - m. What is the units digit of c?
8
Let q(b) = -2*b**2 - b + 4. Let v be q(7). Let d = 273 + v. Suppose -2*p + 86 = n, -2*p + d = 2*p - 5*n. What is the units digit of p?
3
Suppose 28*a - 26*a - 14 = 0. Suppose -321 - 337 = -a*m. What is the tens digit of m?
9
Let j(q) = -19*q + 27. What is the units digit of j(-39)?
8
Let m(g) = -g**2 + 5*g - 1. Suppose 2*f + 2*f - 16 = 0. Let n be m(f). Let q = -2 + n. What is the units digit of q?
1
Suppose 3*x = -59 + 167. Let w(g) = g**2 - 29*g + 7. Let z be w(28). Let f = z + x. What is the units digit of f?
5
What is the units digit of 4/(-16) + (19058/(-8))/(-13)?
3
Let a = 2296 + -1226. What is the tens digit of a?
7
Let c(g) = -4342*g**3 - 2*g**2 - 20*g - 19. What is the thousands digit of c(-1)?
4
Suppose 8*y = -4*l + 10*y + 3456, 4*l + 2*y - 3456 = 0. What is the hundreds d